{"id":320,"date":"2021-05-26T20:55:22","date_gmt":"2021-05-26T20:55:22","guid":{"rendered":"http:\/\/www.silvercapital.com.ec\/staging\/?page_id=320"},"modified":"2023-02-14T18:10:38","modified_gmt":"2023-02-14T18:10:38","slug":"quienes-somos","status":"publish","type":"page","link":"https:\/\/www.silvercapital.com.ec\/staging\/quienes-somos\/","title":{"rendered":"Quienes somos"},"content":{"rendered":"\t\t<div data-elementor-type=\"wp-page\" data-elementor-id=\"320\" class=\"elementor elementor-320\">\n\t\t\t\t\t\t\t\t\t<section class=\"elementor-section elementor-top-section elementor-element elementor-element-781e062 elementor-section-full_width elementor-section-height-default elementor-section-height-default exad-glass-effect-no exad-sticky-section-no\" data-id=\"781e062\" data-element_type=\"section\" data-settings=\"{&quot;background_background&quot;:&quot;classic&quot;}\">\n\t\t\t\t\t\t<div class=\"elementor-container elementor-column-gap-no\">\n\t\t\t\t\t<div class=\"elementor-column elementor-col-100 elementor-top-column elementor-element elementor-element-0893f74 exad-glass-effect-no exad-sticky-section-no\" data-id=\"0893f74\" data-element_type=\"column\">\n\t\t\t<div class=\"elementor-widget-wrap elementor-element-populated\">\n\t\t\t\t\t\t\t\t<section class=\"elementor-section elementor-inner-section elementor-element elementor-element-57888ab elementor-section-boxed elementor-section-height-default elementor-section-height-default exad-glass-effect-no exad-sticky-section-no\" data-id=\"57888ab\" data-element_type=\"section\">\n\t\t\t\t\t\t<div class=\"elementor-container elementor-column-gap-default\">\n\t\t\t\t\t<div class=\"elementor-column elementor-col-50 elementor-inner-column elementor-element elementor-element-d2fbd93 exad-glass-effect-no exad-sticky-section-no\" data-id=\"d2fbd93\" data-element_type=\"column\">\n\t\t\t<div class=\"elementor-widget-wrap elementor-element-populated\">\n\t\t\t\t\t\t\t\t<div class=\"elementor-element elementor-element-d9e22f1 exad-sticky-section-no exad-glass-effect-no elementor-invisible elementor-widget elementor-widget-heading\" data-id=\"d9e22f1\" data-element_type=\"widget\" data-settings=\"{&quot;_animation&quot;:&quot;fadeInLeft&quot;}\" data-widget_type=\"heading.default\">\n\t\t\t\t<div class=\"elementor-widget-container\">\n\t\t\t<h2 class=\"elementor-heading-title elementor-size-default\">Somos expertos\nen finanzas<\/h2>\t\t<\/div>\n\t\t\t\t<\/div>\n\t\t\t\t<div class=\"elementor-element elementor-element-7b35e54 exad-sticky-section-no exad-glass-effect-no elementor-invisible elementor-widget elementor-widget-text-editor\" data-id=\"7b35e54\" data-element_type=\"widget\" data-settings=\"{&quot;_animation&quot;:&quot;fadeIn&quot;}\" data-widget_type=\"text-editor.default\">\n\t\t\t\t<div class=\"elementor-widget-container\">\n\t\t\t\t\t\t\t<p>Somos consultores enfocados en maximizar el valor de las empresas y optimizar el funcionamiento de los mercados financieros.<\/p>\t\t\t\t\t\t<\/div>\n\t\t\t\t<\/div>\n\t\t\t\t\t<\/div>\n\t\t<\/div>\n\t\t\t\t<div class=\"elementor-column elementor-col-50 elementor-inner-column elementor-element elementor-element-828aec0 exad-glass-effect-no exad-sticky-section-no\" data-id=\"828aec0\" data-element_type=\"column\">\n\t\t\t<div class=\"elementor-widget-wrap elementor-element-populated\">\n\t\t\t\t\t\t\t\t<div class=\"elementor-element elementor-element-917da04 exad-sticky-section-no exad-glass-effect-no elementor-invisible elementor-widget elementor-widget-image\" data-id=\"917da04\" data-element_type=\"widget\" data-settings=\"{&quot;_animation&quot;:&quot;fadeIn&quot;}\" data-widget_type=\"image.default\">\n\t\t\t\t<div class=\"elementor-widget-container\">\n\t\t\t\t\t\t\t\t\t\t\t\t\t\t\t<img decoding=\"async\" width=\"916\" height=\"658\" src=\"https:\/\/www.silvercapital.com.ec\/staging\/wp-content\/uploads\/2021\/05\/muhammad-faiz-zulkeflee-alw-CwGFmwQ-unsplash-Copy.png\" class=\"attachment-full size-full wp-image-322\" alt=\"\" loading=\"lazy\" srcset=\"https:\/\/www.silvercapital.com.ec\/staging\/wp-content\/uploads\/2021\/05\/muhammad-faiz-zulkeflee-alw-CwGFmwQ-unsplash-Copy.png 916w, https:\/\/www.silvercapital.com.ec\/staging\/wp-content\/uploads\/2021\/05\/muhammad-faiz-zulkeflee-alw-CwGFmwQ-unsplash-Copy-300x216.png 300w, https:\/\/www.silvercapital.com.ec\/staging\/wp-content\/uploads\/2021\/05\/muhammad-faiz-zulkeflee-alw-CwGFmwQ-unsplash-Copy-768x552.png 768w\" sizes=\"(max-width: 916px) 100vw, 916px\" \/>\t\t\t\t\t\t\t\t\t\t\t\t\t\t\t<\/div>\n\t\t\t\t<\/div>\n\t\t\t\t\t<\/div>\n\t\t<\/div>\n\t\t\t\t\t\t\t<\/div>\n\t\t<\/section>\n\t\t\t\t\t<\/div>\n\t\t<\/div>\n\t\t\t\t\t\t\t<\/div>\n\t\t<\/section>\n\t\t\t\t<section class=\"elementor-section elementor-top-section elementor-element elementor-element-6582ead elementor-section-boxed elementor-section-height-default elementor-section-height-default exad-glass-effect-no exad-sticky-section-no\" data-id=\"6582ead\" data-element_type=\"section\">\n\t\t\t\t\t\t<div class=\"elementor-container elementor-column-gap-default\">\n\t\t\t\t\t<div class=\"elementor-column elementor-col-100 elementor-top-column elementor-element elementor-element-68a1ee3 exad-glass-effect-no exad-sticky-section-no\" data-id=\"68a1ee3\" data-element_type=\"column\">\n\t\t\t<div class=\"elementor-widget-wrap elementor-element-populated\">\n\t\t\t\t\t\t\t\t<div class=\"elementor-element elementor-element-81e54a1 exad-sticky-section-no exad-glass-effect-no elementor-widget elementor-widget-text-editor\" data-id=\"81e54a1\" data-element_type=\"widget\" data-widget_type=\"text-editor.default\">\n\t\t\t\t<div class=\"elementor-widget-container\">\n\t\t\t\t\t\t\t<p>Uno de nuestros principales activos es nuestro equipo. Experiencia, aliados y redes de contacto nos convierten en un equipo s\u00f3lido, con respaldo y trayectoria para crear valor y oportunidades a nuestros clientes.<\/p><p>Con profesionalismo, miramos y cuidamos los detalles y la calidad de todos nuestros procesos. Protegemos la informaci\u00f3n y cada paso de nuestros clientes, para garantizar oportunidades de calidad y valor.<\/p>\t\t\t\t\t\t<\/div>\n\t\t\t\t<\/div>\n\t\t\t\t\t<\/div>\n\t\t<\/div>\n\t\t\t\t\t\t\t<\/div>\n\t\t<\/section>\n\t\t\t\t<section class=\"elementor-section elementor-top-section elementor-element elementor-element-556cf5c elementor-section-boxed elementor-section-height-default elementor-section-height-default exad-glass-effect-no exad-sticky-section-no\" data-id=\"556cf5c\" data-element_type=\"section\" data-settings=\"{&quot;background_background&quot;:&quot;classic&quot;}\">\n\t\t\t\t\t\t\t<div class=\"elementor-background-overlay\"><\/div>\n\t\t\t\t\t\t\t<div class=\"elementor-container elementor-column-gap-default\">\n\t\t\t\t\t<div class=\"elementor-column elementor-col-100 elementor-top-column elementor-element elementor-element-ad9e6ea exad-glass-effect-no exad-sticky-section-no\" data-id=\"ad9e6ea\" data-element_type=\"column\">\n\t\t\t<div class=\"elementor-widget-wrap elementor-element-populated\">\n\t\t\t\t\t\t\t\t<div class=\"elementor-element elementor-element-03f771f exad-sticky-section-no exad-glass-effect-no elementor-widget elementor-widget-heading\" data-id=\"03f771f\" data-element_type=\"widget\" data-widget_type=\"heading.default\">\n\t\t\t\t<div class=\"elementor-widget-container\">\n\t\t\t<h2 class=\"elementor-heading-title elementor-size-default\">NUESTRO<\/h2>\t\t<\/div>\n\t\t\t\t<\/div>\n\t\t\t\t<div class=\"elementor-element elementor-element-4c34efc exad-sticky-section-no exad-glass-effect-no elementor-widget elementor-widget-heading\" data-id=\"4c34efc\" data-element_type=\"widget\" data-widget_type=\"heading.default\">\n\t\t\t\t<div class=\"elementor-widget-container\">\n\t\t\t<h2 class=\"elementor-heading-title elementor-size-default\">EQUIPO<\/h2>\t\t<\/div>\n\t\t\t\t<\/div>\n\t\t\t\t<section class=\"elementor-section elementor-inner-section elementor-element elementor-element-06f17ba elementor-section-boxed elementor-section-height-default elementor-section-height-default exad-glass-effect-no exad-sticky-section-no\" data-id=\"06f17ba\" data-element_type=\"section\">\n\t\t\t\t\t\t<div class=\"elementor-container elementor-column-gap-default\">\n\t\t\t\t\t<div class=\"elementor-column elementor-col-33 elementor-inner-column elementor-element elementor-element-db96f3c exad-glass-effect-no exad-sticky-section-no elementor-invisible\" data-id=\"db96f3c\" data-element_type=\"column\" data-settings=\"{&quot;animation&quot;:&quot;fadeIn&quot;}\">\n\t\t\t<div class=\"elementor-widget-wrap elementor-element-populated\">\n\t\t\t\t\t\t\t\t<div class=\"elementor-element elementor-element-56120d9 elementor-position-left elementor-vertical-align-top exad-sticky-section-no exad-glass-effect-no elementor-widget elementor-widget-image-box\" data-id=\"56120d9\" data-element_type=\"widget\" data-widget_type=\"image-box.default\">\n\t\t\t\t<div class=\"elementor-widget-container\">\n\t\t\t<div class=\"elementor-image-box-wrapper\"><figure class=\"elementor-image-box-img\"><img decoding=\"async\" width=\"26\" height=\"30\" src=\"https:\/\/www.silvercapital.com.ec\/staging\/wp-content\/uploads\/2021\/05\/Group-3.png\" class=\"attachment-full size-full wp-image-323\" alt=\"\" loading=\"lazy\" \/><\/figure><div class=\"elementor-image-box-content\"><h3 class=\"elementor-image-box-title\">Luis Fernando Ayala<\/h3><p class=\"elementor-image-box-description\">Socio<\/p><\/div><\/div>\t\t<\/div>\n\t\t\t\t<\/div>\n\t\t\t\t<div class=\"elementor-element elementor-element-4ba7afd exad-sticky-section-no exad-glass-effect-no elementor-widget elementor-widget-exad-team-member\" data-id=\"4ba7afd\" data-element_type=\"widget\" data-widget_type=\"exad-team-member.default\">\n\t\t\t\t<div class=\"elementor-widget-container\">\n\t\t\t\n\t\t<div class=\"exad-team-item\">\n\t\t\t<div class=\"exad-team-member exad-center exad-position-top\">\n\t\t\t\t\t\t\t\t\t\t\t\t\t\t<div class=\"exad-team-member-thumb\">\n\t\t\t\t\t\t\t<img width=\"351\" height=\"351\" src=\"https:\/\/www.silvercapital.com.ec\/staging\/wp-content\/uploads\/2023\/02\/Luis-Fernando-1-2.jpg\" class=\"attachment-medium_large size-medium_large wp-image-540\" alt=\"\" decoding=\"async\" loading=\"lazy\" srcset=\"https:\/\/www.silvercapital.com.ec\/staging\/wp-content\/uploads\/2023\/02\/Luis-Fernando-1-2.jpg 351w, https:\/\/www.silvercapital.com.ec\/staging\/wp-content\/uploads\/2023\/02\/Luis-Fernando-1-2-300x300.jpg 300w, https:\/\/www.silvercapital.com.ec\/staging\/wp-content\/uploads\/2023\/02\/Luis-Fernando-1-2-150x150.jpg 150w\" sizes=\"(max-width: 351px) 100vw, 351px\" \/>\t\t\t\t\t\t<\/div>\n\t\t\t\t\t\n\t\t\t\t<div class=\"exad-team-member-content\">\n\t\t\t\t\t\t\t\t\t\t\n\t\t\t\t\t\n\t\t\t\t\t\t\t\t\t\t\t\t\t\t\t\t<div class=\"exad-team-member-about\">Economista especializaci\u00f3n en Finanzas graduado en la Escuela Superior Polit\u00e9cnica del Litoral (ESPOL) y Mag\u00edster en Finanzas graduado en la Pontificia Universidad Cat\u00f3lica de Chile (PUC)\n\nEspecialista en finanzas corporativas y asesor\u00eda financiera, ejerce la docencia y es invitado regularmente a distintos medios de comunicaci\u00f3n para brindar sus opiniones como analista econ\u00f3mico. Escribe una columna sobre econom\u00eda y pol\u00edtica internacional para el diario digital \u201cLaRep\u00fablica.ec\u201d, donde participa de un programa de an\u00e1lisis denominado \u201cCon Todo Respeto\u201d.<\/div>\n\t\t\t\t\t\t\t\t\t\t\n\t\t\t\t\t\n\t\t\t\t<\/div>\n\t\t\t\t\t\n\t\t\t<\/div>\n\t\t<\/div>\t\n\t\t\t\t<\/div>\n\t\t\t\t<\/div>\n\t\t\t\t\t<\/div>\n\t\t<\/div>\n\t\t\t\t<div class=\"elementor-column elementor-col-33 elementor-inner-column elementor-element elementor-element-11b657f exad-glass-effect-no exad-sticky-section-no elementor-invisible\" data-id=\"11b657f\" data-element_type=\"column\" data-settings=\"{&quot;animation&quot;:&quot;fadeIn&quot;}\">\n\t\t\t<div class=\"elementor-widget-wrap elementor-element-populated\">\n\t\t\t\t\t\t\t\t<div class=\"elementor-element elementor-element-433169d elementor-position-left elementor-vertical-align-top exad-sticky-section-no exad-glass-effect-no elementor-widget elementor-widget-image-box\" data-id=\"433169d\" data-element_type=\"widget\" data-widget_type=\"image-box.default\">\n\t\t\t\t<div class=\"elementor-widget-container\">\n\t\t\t<div class=\"elementor-image-box-wrapper\"><figure class=\"elementor-image-box-img\"><img decoding=\"async\" width=\"26\" height=\"30\" src=\"https:\/\/www.silvercapital.com.ec\/staging\/wp-content\/uploads\/2021\/05\/Group-3.png\" class=\"attachment-full size-full wp-image-323\" alt=\"\" loading=\"lazy\" \/><\/figure><div class=\"elementor-image-box-content\"><h3 class=\"elementor-image-box-title\">Denise Ram\u00f3n<\/h3><p class=\"elementor-image-box-description\">Gerente General<\/p><\/div><\/div>\t\t<\/div>\n\t\t\t\t<\/div>\n\t\t\t\t<div class=\"elementor-element elementor-element-b50c7d1 exad-sticky-section-no exad-glass-effect-no elementor-widget elementor-widget-exad-team-member\" data-id=\"b50c7d1\" data-element_type=\"widget\" data-widget_type=\"exad-team-member.default\">\n\t\t\t\t<div class=\"elementor-widget-container\">\n\t\t\t\n\t\t<div class=\"exad-team-item\">\n\t\t\t<div class=\"exad-team-member exad-center exad-position-top\">\n\t\t\t\t\t\t\t\t\t\t\t\t\t\t<div class=\"exad-team-member-thumb\">\n\t\t\t\t\t\t\t<img width=\"293\" height=\"293\" src=\"https:\/\/www.silvercapital.com.ec\/staging\/wp-content\/uploads\/2023\/02\/Denisse-Ramon2.jpg\" class=\"attachment-medium_large size-medium_large wp-image-538\" alt=\"\" decoding=\"async\" loading=\"lazy\" srcset=\"https:\/\/www.silvercapital.com.ec\/staging\/wp-content\/uploads\/2023\/02\/Denisse-Ramon2.jpg 293w, https:\/\/www.silvercapital.com.ec\/staging\/wp-content\/uploads\/2023\/02\/Denisse-Ramon2-150x150.jpg 150w\" sizes=\"(max-width: 293px) 100vw, 293px\" \/>\t\t\t\t\t\t<\/div>\n\t\t\t\t\t\n\t\t\t\t<div class=\"exad-team-member-content\">\n\t\t\t\t\t\t\t\t\t\t\n\t\t\t\t\t\n\t\t\t\t\t\t\t\t\t\t\t\t\t\t\t\t<div class=\"exad-team-member-about\"> Ingeniera Comercial en la Universidad Cat\u00f3lica del Ecuador.\n\nSe desarroll\u00f3 profesionalmente como Trader de Tesorer\u00eda en Banco Solidario entre 2002 y 2003, Asesora Comercial en Inmovalores Casa de Valores entre 2003 y 2007, como Gerente Comercial y Operador de Valores en Picaval Casa de Valores S.A. entre 2007 y 2017. \n\nDesde 2017 es Consultora Corporativa de la Casa de Valores Silvercross S.A.\n<\/div>\n\t\t\t\t\t\t\t\t\t\t\n\t\t\t\t\t\n\t\t\t\t<\/div>\n\t\t\t\t\t\n\t\t\t<\/div>\n\t\t<\/div>\t\n\t\t\t\t<\/div>\n\t\t\t\t<\/div>\n\t\t\t\t\t<\/div>\n\t\t<\/div>\n\t\t\t\t<div class=\"elementor-column elementor-col-33 elementor-inner-column elementor-element elementor-element-e049231 exad-glass-effect-no exad-sticky-section-no elementor-invisible\" data-id=\"e049231\" data-element_type=\"column\" data-settings=\"{&quot;animation&quot;:&quot;fadeIn&quot;}\">\n\t\t\t<div class=\"elementor-widget-wrap elementor-element-populated\">\n\t\t\t\t\t\t\t\t<div class=\"elementor-element elementor-element-4c176f5 elementor-position-left elementor-vertical-align-top exad-sticky-section-no exad-glass-effect-no elementor-widget elementor-widget-image-box\" data-id=\"4c176f5\" data-element_type=\"widget\" data-widget_type=\"image-box.default\">\n\t\t\t\t<div class=\"elementor-widget-container\">\n\t\t\t<div class=\"elementor-image-box-wrapper\"><figure class=\"elementor-image-box-img\"><img decoding=\"async\" width=\"26\" height=\"30\" src=\"https:\/\/www.silvercapital.com.ec\/staging\/wp-content\/uploads\/2021\/05\/Group-3.png\" class=\"attachment-full size-full wp-image-323\" alt=\"\" loading=\"lazy\" \/><\/figure><div class=\"elementor-image-box-content\"><h3 class=\"elementor-image-box-title\">Leroy Mej\u00eda<\/h3><p class=\"elementor-image-box-description\">Analista Comercial<\/p><\/div><\/div>\t\t<\/div>\n\t\t\t\t<\/div>\n\t\t\t\t<div class=\"elementor-element elementor-element-d1e2772 exad-sticky-section-no exad-glass-effect-no elementor-widget elementor-widget-exad-team-member\" data-id=\"d1e2772\" data-element_type=\"widget\" data-widget_type=\"exad-team-member.default\">\n\t\t\t\t<div class=\"elementor-widget-container\">\n\t\t\t\n\t\t<div class=\"exad-team-item\">\n\t\t\t<div class=\"exad-team-member exad-center exad-position-top\">\n\t\t\t\t\t\t\t\t\t\t\t\t\t\t<div class=\"exad-team-member-thumb\">\n\t\t\t\t\t\t\t<img width=\"420\" height=\"420\" src=\"https:\/\/www.silvercapital.com.ec\/staging\/wp-content\/uploads\/2023\/02\/Leroy.png\" class=\"attachment-medium_large size-medium_large wp-image-545\" alt=\"\" decoding=\"async\" loading=\"lazy\" srcset=\"https:\/\/www.silvercapital.com.ec\/staging\/wp-content\/uploads\/2023\/02\/Leroy.png 420w, https:\/\/www.silvercapital.com.ec\/staging\/wp-content\/uploads\/2023\/02\/Leroy-300x300.png 300w, https:\/\/www.silvercapital.com.ec\/staging\/wp-content\/uploads\/2023\/02\/Leroy-150x150.png 150w\" sizes=\"(max-width: 420px) 100vw, 420px\" \/>\t\t\t\t\t\t<\/div>\n\t\t\t\t\t\n\t\t\t\t<div class=\"exad-team-member-content\">\n\t\t\t\t\t\t\t\t\t\t\n\t\t\t\t\t\n\t\t\t\t\t\t\t\t\t\t\t\t\t\t\t\t<div class=\"exad-team-member-about\">Administrador de Empresas con t\u00edtulo acad\u00e9mico de Ingeniero Comercial en la Pontificia Universidad Cat\u00f3lica del Ecuador. M\u00e1ster en Banca y Finanzas en la Universitat Pompeu Fabra, Barcelona, Espa\u00f1a.\n\n \n\nSe desarroll\u00f3 profesionalmente como Asistente Administrativo Comercial de la Gerencia Regional en Silvercross S.A. Casa de Valores entre 2014 y 2017. Operador de Valores de Silvercross S.A. entre 2019 y 2022.\n\n \n\nDesde 2022 es Analista Comercial en Silvercapital S.A.S.\n\n<\/div>\n\t\t\t\t\t\t\t\t\t\t\n\t\t\t\t\t\n\t\t\t\t<\/div>\n\t\t\t\t\t\n\t\t\t<\/div>\n\t\t<\/div>\t\n\t\t\t\t<\/div>\n\t\t\t\t<\/div>\n\t\t\t\t\t<\/div>\n\t\t<\/div>\n\t\t\t\t\t\t\t<\/div>\n\t\t<\/section>\n\t\t\t\t<div class=\"elementor-element elementor-element-8a78e3b exad-sticky-section-no exad-glass-effect-no elementor-widget elementor-widget-heading\" data-id=\"8a78e3b\" data-element_type=\"widget\" data-widget_type=\"heading.default\">\n\t\t\t\t<div class=\"elementor-widget-container\">\n\t\t\t<h2 class=\"elementor-heading-title elementor-size-default\">\u00bfTe gustar\u00eda formar parte?<\/h2>\t\t<\/div>\n\t\t\t\t<\/div>\n\t\t\t\t<div class=\"elementor-element elementor-element-08af1a7 elementor-mobile-align-center elementor-align-center exad-sticky-section-no exad-glass-effect-no elementor-widget elementor-widget-button\" data-id=\"08af1a7\" data-element_type=\"widget\" data-widget_type=\"button.default\">\n\t\t\t\t<div class=\"elementor-widget-container\">\n\t\t\t\t\t<div class=\"elementor-button-wrapper\">\n\t\t\t<a href=\"mailto:rrhh@silvercapital.com\" class=\"elementor-button-link elementor-button elementor-size-sm\" role=\"button\">\n\t\t\t\t\t\t<span class=\"elementor-button-content-wrapper\">\n\t\t\t\t\t\t<span class=\"elementor-button-text\">rrhh@silvercapital.com<\/span>\n\t\t<\/span>\n\t\t\t\t\t<\/a>\n\t\t<\/div>\n\t\t\t\t<\/div>\n\t\t\t\t<\/div>\n\t\t\t\t\t<\/div>\n\t\t<\/div>\n\t\t\t\t\t\t\t<\/div>\n\t\t<\/section>\n\t\t\t\t\t\t\t<\/div>\n\t\t","protected":false},"excerpt":{"rendered":"<p>Somos expertos en finanzas Somos consultores enfocados en maximizar el valor de las empresas y optimizar el funcionamiento de los mercados financieros. Uno de nuestros principales activos es nuestro equipo. Experiencia, aliados y redes de contacto nos convierten en un equipo s\u00f3lido, con respaldo y trayectoria para crear valor y oportunidades a nuestros clientes. Con&hellip;&nbsp;<a href=\"https:\/\/www.silvercapital.com.ec\/staging\/quienes-somos\/\" class=\"\" rel=\"bookmark\">Leer m\u00e1s &raquo;<span class=\"screen-reader-text\">Quienes somos<\/span><\/a><\/p>\n","protected":false},"author":1,"featured_media":0,"parent":0,"menu_order":0,"comment_status":"closed","ping_status":"closed","template":"elementor_header_footer","meta":{"neve_meta_sidebar":"","neve_meta_container":"","neve_meta_enable_content_width":"","neve_meta_content_width":0,"neve_meta_title_alignment":"","neve_meta_author_avatar":"","neve_post_elements_order":"","neve_meta_disable_header":"","neve_meta_disable_footer":"","neve_meta_disable_title":""},"_links":{"self":[{"href":"https:\/\/www.silvercapital.com.ec\/staging\/wp-json\/wp\/v2\/pages\/320"}],"collection":[{"href":"https:\/\/www.silvercapital.com.ec\/staging\/wp-json\/wp\/v2\/pages"}],"about":[{"href":"https:\/\/www.silvercapital.com.ec\/staging\/wp-json\/wp\/v2\/types\/page"}],"author":[{"embeddable":true,"href":"https:\/\/www.silvercapital.com.ec\/staging\/wp-json\/wp\/v2\/users\/1"}],"replies":[{"embeddable":true,"href":"https:\/\/www.silvercapital.com.ec\/staging\/wp-json\/wp\/v2\/comments?post=320"}],"version-history":[{"count":19,"href":"https:\/\/www.silvercapital.com.ec\/staging\/wp-json\/wp\/v2\/pages\/320\/revisions"}],"predecessor-version":[{"id":551,"href":"https:\/\/www.silvercapital.com.ec\/staging\/wp-json\/wp\/v2\/pages\/320\/revisions\/551"}],"wp:attachment":[{"href":"https:\/\/www.silvercapital.com.ec\/staging\/wp-json\/wp\/v2\/media?parent=320"}],"curies":[{"name":"wp","href":"https:\/\/api.w.org\/{rel}","templated":true}]}}